{"id":2,"date":"2014-07-16T22:13:49","date_gmt":"2014-07-16T22:13:49","guid":{"rendered":"http:\/\/www.lesrivelades.com\/?page_id=2"},"modified":"2015-03-25T18:48:16","modified_gmt":"2015-03-25T18:48:16","slug":"sample-page","status":"publish","type":"page","link":"https:\/\/www.lesrivelades.com\/?page_id=2","title":{"rendered":"A propos"},"content":{"rendered":"<blockquote><p>Je m&#8217;appelle Riv\u00e9ly et je vis \u00e0 Paris.<br \/>\nAu travers de ce blog, j&#8217;ai voulu cr\u00e9er mon propre espace afin de partager avec vous toutes mes exp\u00e9riences en mati\u00e8re de mode, de culture, de cuisine, et de voyages notamment. Pourquoi avoir choisi de nommer ce blog &#8220;Les Riv\u00e9lades&#8221; ? Avant d&#8217;\u00eatre une private joke avec mes amis et dont je vous parlerai peut-\u00eatre un jour, c&#8217;est surtout un mix entre mon pr\u00e9nom &#8220;Riv\u00e9ly&#8221; et le mot &#8220;balades&#8221;. Les Riv\u00e9lades c&#8217;est tout simplement mes coups de c\u0153urs au gr\u00e9 de mes ballades \u00e0 Paris et ailleurs. J&#8217;esp\u00e8re donc que vous aurez plaisir \u00e0 lire ce blog au m\u00eame titre que j&#8217;aurai le plaisir \u00e0 partager, mes envies et mes exp\u00e9riences avec vous!<\/p><\/blockquote>\n\n\t\t<style>\n\t\t\t.huge-it-share-buttons {\n\t\t\t\tborder:0px solid #0FB5D6;\n\t\t\t\tborder-radius:5px;\n\t\t\t\tbackground:#3BD8FF;\n\t\t\t text-align:left; \t\t\t\t\t\t\t\t\t}\n\n\t\t\t#huge-it-share-buttons-top {margin-bottom:0px;}\n\t\t\t#huge-it-share-buttons-bottom {margin-top:0px;}\n\n\t\t\t.huge-it-share-buttons h3 {\n\t\t\t\tfont-size:25px ;\n\t\t\t\tfont-family:Arial,Helvetica Neue,Helvetica,sans-serif;\n\t\t\t\tcolor:#666666;\n\n\t\t\tdisplay:block;\t\t\t\tline-height:25px ;\n\n\t\t\t text-align:left; \t\t\t\t\t\t\t\t\t}\n\n\t\t\t.huge-it-share-buttons ul {\n\t\t\t float:left; \t\t\t\t\t\t\t\t\t}\n\n\t\t\t.huge-it-share-buttons ul li {\n\t\t\t\tmargin-left:3px;\n\t\t\t\tmargin-right:3px;\n\t\t\t\tpadding:0px;\n\t\t\t\tborder:0px ridge #E6354C;\n\t\t\t\tborder-radius:11px;\n\t\t\t\tbackground-color:#14CC9B;\n\t\t\t}\n\n\t\t\t.huge-it-share-buttons ul li #backforunical2 {\n\t\t\t\tborder-bottom: 0;\n\t\t\t\tbackground-image:url('https:\/\/www.lesrivelades.com\/wp-content\/plugins\/wp-share-buttons\/Front_end\/..\/images\/buttons.30.png');\n\t\t\t\twidth:30px;\n\t\t\t\theight:30px;\n\t\t\t}\n\n\t\t\t.front-shares-count {\n\t\t\t\tposition: absolute;\n\t\t\t\ttext-align: center;\n\t\t\t\tdisplay: block;\n\t\t\t}\n\n\t\t\t.shares_size20 .front-shares-count {\n\t\t\t\tfont-size: 10px;\n\t\t\t\ttop: 10px;\n\t\t\t\twidth: 20px;\n\t\t\t}\n\n\t\t\t.shares_size30 .front-shares-count {\n\t\t\t\tfont-size: 11px;\n\t\t\t\ttop: 15px;\n\t\t\t\twidth: 30px;\n\t\t\t}\n\n\t\t\t.shares_size40 .front-shares-count {\n\t\t\t\tfont-size: 12px;\n\t\t\t\ttop: 21px;\n\t\t\t\twidth: 40px;\n\t\t\t}\n\t\t<\/style>\n\t\t\n\t\t<div id=\"huge-it-share-buttons-top\" class=\"huge-it-share-buttons nobackground\">\n\t\t\t<h3>Share This:<\/h3>\n\t\t\t<ul class=\"huge-it-share-buttons-list \">\n\t\t\t\t\t\t\t\t\t<li class=\"nobackground \" >\n\n\t\t\t\t\t\t\t\t\t\t\t\t<a id=\"backforunical2\" href=\"https:\/\/www.facebook.com\/sharer\/sharer.php?u=www.lesrivelades.com\/index.php?rest_route=%2Fwp%2Fv2%2Fpages%2F2\"  onclick=\"javascript:void window.open('https:\/\/www.facebook.com\/sharer\/sharer.php?u=www.lesrivelades.com\/index.php?rest_route=%2Fwp%2Fv2%2Fpages%2F2','1410949501326','width=700,height=500,toolbar=0,menubar=0,location=0,status=1,scrollbars=1,resizable=1,left=0,top=0');return false;\" style=\"background-position: -0px -120px \"><\/a>\n\t\t\t\t\t<\/li>\n\t\t\t\t\t\t\t\t\t\t<li class=\"nobackground \" >\n\n\t\t\t\t\t\t\t\t\t\t\t\t<a id=\"backforunical2\" href=\"https:\/\/twitter.com\/share?status=www.lesrivelades.com\/index.php?rest_route=%2Fwp%2Fv2%2Fpages%2F2&text=A propos\"  onclick=\"javascript:void window.open('https:\/\/twitter.com\/share?status=www.lesrivelades.com\/index.php?rest_route=%2Fwp%2Fv2%2Fpages%2F2&text=A propos','1410949501326','width=700,height=500,toolbar=0,menubar=0,location=0,status=1,scrollbars=1,resizable=1,left=0,top=0');return false;\" style=\"background-position: -30px -120px \"><\/a>\n\t\t\t\t\t<\/li>\n\t\t\t\t\t\t\t\t\t\t<li class=\"nobackground \" >\n\n\t\t\t\t\t\t\t\t\t\t\t\t<a id=\"backforunical2\" href=\"http:\/\/www.pinterest.com\/pin\/create\/button\/?url=www.lesrivelades.com\/index.php?rest_route=%2Fwp%2Fv2%2Fpages%2F2&media=https:\/\/www.lesrivelades.com\/wp-content\/plugins\/wp-share-buttons\/Front_end\/..\/images\/noimage.png&description=A propos\"  onclick=\"javascript:void window.open('http:\/\/www.pinterest.com\/pin\/create\/button\/?url=www.lesrivelades.com\/index.php?rest_route=%2Fwp%2Fv2%2Fpages%2F2&media=https:\/\/www.lesrivelades.com\/wp-content\/plugins\/wp-share-buttons\/Front_end\/..\/images\/noimage.png&description=A propos','1410949501326','width=700,height=500,toolbar=0,menubar=0,location=0,status=1,scrollbars=1,resizable=1,left=0,top=0');return false;\" style=\"background-position: -60px -120px \"><\/a>\n\t\t\t\t\t<\/li>\n\t\t\t\t\t\t\t\t\t\t<li class=\"nobackground \" >\n\n\t\t\t\t\t\t\t\t\t\t\t\t<a id=\"backforunical2\" href=\"https:\/\/plus.google.com\/share?url=www.lesrivelades.com\/index.php?rest_route=%2Fwp%2Fv2%2Fpages%2F2\"  onclick=\"javascript:void window.open('https:\/\/plus.google.com\/share?url=www.lesrivelades.com\/index.php?rest_route=%2Fwp%2Fv2%2Fpages%2F2','1410949501326','width=700,height=500,toolbar=0,menubar=0,location=0,status=1,scrollbars=1,resizable=1,left=0,top=0');return false;\" style=\"background-position: -90px -120px \"><\/a>\n\t\t\t\t\t<\/li>\n\t\t\t\t\t\t\t\t\t\t<li class=\"nobackground \" >\n\n\t\t\t\t\t\t\t\t\t\t\t\t<a id=\"backforunical2\" href=\"https:\/\/www.linkedin.com\/shareArticle?title=A propos&mini=true&url=https:\/\/www.lesrivelades.com\/index.php?rest_route=%2Fwp%2Fv2%2Fpages%2F2\"  onclick=\"javascript:void window.open('https:\/\/www.linkedin.com\/shareArticle?title=A propos&mini=true&url=https:\/\/www.lesrivelades.com\/index.php?rest_route=%2Fwp%2Fv2%2Fpages%2F2','1410949501326','width=700,height=500,toolbar=0,menubar=0,location=0,status=1,scrollbars=1,resizable=1,left=0,top=0');return false;\" style=\"background-position: -120px -120px \"><\/a>\n\t\t\t\t\t<\/li>\n\t\t\t\t\t\t\t\t\t\t<li class=\"nobackground \" >\n\n\t\t\t\t\t\t\t\t\t\t\t\t<a id=\"backforunical2\" href=\"https:\/\/www.tumblr.com\/share\/link?url=www.lesrivelades.com\/index.php?rest_route=%2Fwp%2Fv2%2Fpages%2F2&name=A propos\"  onclick=\"javascript:void window.open('https:\/\/www.tumblr.com\/share\/link?url=www.lesrivelades.com\/index.php?rest_route=%2Fwp%2Fv2%2Fpages%2F2&name=A propos','1410949501326','width=700,height=500,toolbar=0,menubar=0,location=0,status=1,scrollbars=1,resizable=1,left=0,top=0');return false;\" style=\"background-position: -150px -120px \"><\/a>\n\t\t\t\t\t<\/li>\n\t\t\t\t\t\t\t\t\t\t<li class=\"nobackground \" >\n\n\t\t\t\t\t\t\t\t\t\t\t\t<a id=\"backforunical2\" href=\"http:\/\/digg.com\/submit?phase=2&url=www.lesrivelades.com\/index.php?rest_route=%2Fwp%2Fv2%2Fpages%2F2&title=A propos\"  onclick=\"javascript:void window.open('http:\/\/digg.com\/submit?phase=2&url=www.lesrivelades.com\/index.php?rest_route=%2Fwp%2Fv2%2Fpages%2F2&title=A propos','1410949501326','width=700,height=500,toolbar=0,menubar=0,location=0,status=1,scrollbars=1,resizable=1,left=0,top=0');return false;\" style=\"background-position: -180px -120px \"><\/a>\n\t\t\t\t\t<\/li>\n\t\t\t\t\t\t\t\t\t\t<li class=\"nobackground \" >\n\n\t\t\t\t\t\t\t\t\t\t\t\t<a id=\"backforunical2\" href=\"http:\/\/www.stumbleupon.com\/submit?url=www.lesrivelades.com\/index.php?rest_route=%2Fwp%2Fv2%2Fpages%2F2&title=A propos\"  onclick=\"javascript:void window.open('http:\/\/www.stumbleupon.com\/submit?url=www.lesrivelades.com\/index.php?rest_route=%2Fwp%2Fv2%2Fpages%2F2&title=A propos','1410949501326','width=700,height=500,toolbar=0,menubar=0,location=0,status=1,scrollbars=1,resizable=1,left=0,top=0');return false;\" style=\"background-position: -210px -120px \"><\/a>\n\t\t\t\t\t<\/li>\n\t\t\t\t\t\t\t\t\t\t<li class=\"nobackground \" >\n\n\t\t\t\t\t\t\t\t\t\t\t\t<a id=\"backforunical2\" href=\"https:\/\/myspace.com\/post?l=3&u=www.lesrivelades.com\/index.php?rest_route=%2Fwp%2Fv2%2Fpages%2F2\"  onclick=\"javascript:void window.open('https:\/\/myspace.com\/post?l=3&u=www.lesrivelades.com\/index.php?rest_route=%2Fwp%2Fv2%2Fpages%2F2','1410949501326','width=700,height=500,toolbar=0,menubar=0,location=0,status=1,scrollbars=1,resizable=1,left=0,top=0');return false;\" style=\"background-position: -240px -120px \"><\/a>\n\t\t\t\t\t<\/li>\n\t\t\t\t\t\t\t\t\t\t<li class=\"nobackground \" >\n\n\t\t\t\t\t\t\t\t\t\t\t\t<a id=\"backforunical2\" href=\"http:\/\/vk.com\/share.php?url=www.lesrivelades.com\/index.php?rest_route=%2Fwp%2Fv2%2Fpages%2F2&title=A propos\"  onclick=\"javascript:void window.open('http:\/\/vk.com\/share.php?url=www.lesrivelades.com\/index.php?rest_route=%2Fwp%2Fv2%2Fpages%2F2&title=A propos','1410949501326','width=700,height=500,toolbar=0,menubar=0,location=0,status=1,scrollbars=1,resizable=1,left=0,top=0');return false;\" style=\"background-position: -270px -120px \"><\/a>\n\t\t\t\t\t<\/li>\n\t\t\t\t\t\t\t\t\t\t<li class=\"none nobackground \" >\n\n\t\t\t\t\t\t\t\t\t\t\t\t<a id=\"backforunical2\" href=\"http:\/\/www.reddit.com\/submit?url=www.lesrivelades.com\/index.php?rest_route=%2Fwp%2Fv2%2Fpages%2F2&title=A propos\"  onclick=\"javascript:void window.open('http:\/\/www.reddit.com\/submit?url=www.lesrivelades.com\/index.php?rest_route=%2Fwp%2Fv2%2Fpages%2F2&title=A propos','1410949501326','width=700,height=500,toolbar=0,menubar=0,location=0,status=1,scrollbars=1,resizable=1,left=0,top=0');return false;\" style=\"background-position: -300px -120px \"><\/a>\n\t\t\t\t\t<\/li>\n\t\t\t\t\t\t\t\t\t\t<li class=\"none nobackground \" >\n\n\t\t\t\t\t\t\t\t\t\t\t\t<a id=\"backforunical2\" href=\"http:\/\/www.bebo.com\/c\/share?Url=www.lesrivelades.com\/index.php?rest_route=%2Fwp%2Fv2%2Fpages%2F2\"  onclick=\"javascript:void window.open('http:\/\/www.bebo.com\/c\/share?Url=www.lesrivelades.com\/index.php?rest_route=%2Fwp%2Fv2%2Fpages%2F2','1410949501326','width=700,height=500,toolbar=0,menubar=0,location=0,status=1,scrollbars=1,resizable=1,left=0,top=0');return false;\" style=\"background-position: -330px -120px \"><\/a>\n\t\t\t\t\t<\/li>\n\t\t\t\t\t\t\t\t\t\t<li class=\"none nobackground \" >\n\n\t\t\t\t\t\t\t\t\t\t\t\t<a id=\"backforunical2\" href=\"https:\/\/delicious.com\/save?v=5&noui&jump=close&url=www.lesrivelades.com\/index.php?rest_route=%2Fwp%2Fv2%2Fpages%2F2&title=A propos\"  onclick=\"javascript:void window.open('https:\/\/delicious.com\/save?v=5&noui&jump=close&url=www.lesrivelades.com\/index.php?rest_route=%2Fwp%2Fv2%2Fpages%2F2&title=A propos','1410949501326','width=700,height=500,toolbar=0,menubar=0,location=0,status=1,scrollbars=1,resizable=1,left=0,top=0');return false;\" style=\"background-position: -360px -120px \"><\/a>\n\t\t\t\t\t<\/li>\n\t\t\t\t\t\t\t\t\t\t<li class=\"none nobackground \" >\n\n\t\t\t\t\t\t\t\t\t\t\t\t<a id=\"backforunical2\" href=\"http:\/\/www.odnoklassniki.ru\/dk?st.cmd=addShare&st.s=2&st.noresize=on&st._surl=www.lesrivelades.com\/index.php?rest_route=%2Fwp%2Fv2%2Fpages%2F2\"  onclick=\"javascript:void window.open('http:\/\/www.odnoklassniki.ru\/dk?st.cmd=addShare&st.s=2&st.noresize=on&st._surl=www.lesrivelades.com\/index.php?rest_route=%2Fwp%2Fv2%2Fpages%2F2','1410949501326','width=700,height=500,toolbar=0,menubar=0,location=0,status=1,scrollbars=1,resizable=1,left=0,top=0');return false;\" style=\"background-position: -390px -120px \"><\/a>\n\t\t\t\t\t<\/li>\n\t\t\t\t\t\t\t\t\t\t<li class=\"none nobackground \" >\n\n\t\t\t\t\t\t\t\t\t\t\t\t<a id=\"backforunical2\" href=\"http:\/\/sns.qzone.qq.com\/cgi-bin\/qzshare\/cgi_qzshare_onekey?url=www.lesrivelades.com\/index.php?rest_route=%2Fwp%2Fv2%2Fpages%2F2&title=A propos\"  onclick=\"javascript:void window.open('http:\/\/sns.qzone.qq.com\/cgi-bin\/qzshare\/cgi_qzshare_onekey?url=www.lesrivelades.com\/index.php?rest_route=%2Fwp%2Fv2%2Fpages%2F2&title=A propos','1410949501326','width=700,height=500,toolbar=0,menubar=0,location=0,status=1,scrollbars=1,resizable=1,left=0,top=0');return false;\" style=\"background-position: -420px -120px \"><\/a>\n\t\t\t\t\t<\/li>\n\t\t\t\t\t\t\t\t\t\t<li class=\"none nobackground \" >\n\n\t\t\t\t\t\t\t\t\t\t\t\t<a id=\"backforunical2\" href=\"http:\/\/service.weibo.com\/share\/share.php?url=www.lesrivelades.com\/index.php?rest_route=%2Fwp%2Fv2%2Fpages%2F2&appkey=&title=A propos&pic=&ralateUid=&\"  onclick=\"javascript:void window.open('http:\/\/service.weibo.com\/share\/share.php?url=www.lesrivelades.com\/index.php?rest_route=%2Fwp%2Fv2%2Fpages%2F2&appkey=&title=A propos&pic=&ralateUid=&','1410949501326','width=700,height=500,toolbar=0,menubar=0,location=0,status=1,scrollbars=1,resizable=1,left=0,top=0');return false;\" style=\"background-position: -450px -120px \"><\/a>\n\t\t\t\t\t<\/li>\n\t\t\t\t\t\t\t\t\t\t<li class=\"none nobackground \" >\n\n\t\t\t\t\t\t\t\t\t\t\t\t<a id=\"backforunical2\" href=\"http:\/\/widget.renren.com\/dialog\/share?resourceUrl=www.lesrivelades.com\/index.php?rest_route=%2Fwp%2Fv2%2Fpages%2F2&srcUrl=www.lesrivelades.com\/index.php?rest_route=%2Fwp%2Fv2%2Fpages%2F2&title=A propos\"  onclick=\"javascript:void window.open('http:\/\/widget.renren.com\/dialog\/share?resourceUrl=www.lesrivelades.com\/index.php?rest_route=%2Fwp%2Fv2%2Fpages%2F2&srcUrl=www.lesrivelades.com\/index.php?rest_route=%2Fwp%2Fv2%2Fpages%2F2&title=A propos','1410949501326','width=700,height=500,toolbar=0,menubar=0,location=0,status=1,scrollbars=1,resizable=1,left=0,top=0');return false;\" style=\"background-position: -480px -120px \"><\/a>\n\t\t\t\t\t<\/li>\n\t\t\t\t\t\t\t\t\t\t<li class=\"none nobackground \" >\n\n\t\t\t\t\t\t\t\t\t\t\t\t<a id=\"backforunical2\" href=\"http:\/\/n4g.com\/tips?url=www.lesrivelades.com\/index.php?rest_route=%2Fwp%2Fv2%2Fpages%2F2&title=A propos\"  onclick=\"javascript:void window.open('http:\/\/n4g.com\/tips?url=www.lesrivelades.com\/index.php?rest_route=%2Fwp%2Fv2%2Fpages%2F2&title=A propos','1410949501326','width=700,height=500,toolbar=0,menubar=0,location=0,status=1,scrollbars=1,resizable=1,left=0,top=0');return false;\" style=\"background-position: -510px -120px \"><\/a>\n\t\t\t\t\t<\/li>\n\t\t\t\t\t\t\t\t<\/ul>\n\t\t\t<div class=\"clear\"><\/div>\n\t\t<\/div>\n\t\t","protected":false},"excerpt":{"rendered":"<p>Je m&#8217;appelle Riv\u00e9ly et je vis \u00e0 Paris. Au travers de ce blog, j&#8217;ai voulu cr\u00e9er mon propre espace afin de partager avec vous toutes mes exp\u00e9riences en mati\u00e8re de mode, de culture, de cuisine,&hellip;<\/p>\n","protected":false},"author":1,"featured_media":0,"parent":0,"menu_order":0,"comment_status":"closed","ping_status":"closed","template":"","meta":{"_exactmetrics_skip_tracking":false,"_exactmetrics_sitenote_active":false,"_exactmetrics_sitenote_note":"","_exactmetrics_sitenote_category":0,"footnotes":""},"class_list":["post-2","page","type-page","status-publish","hentry"],"_links":{"self":[{"href":"https:\/\/www.lesrivelades.com\/index.php?rest_route=\/wp\/v2\/pages\/2","targetHints":{"allow":["GET"]}}],"collection":[{"href":"https:\/\/www.lesrivelades.com\/index.php?rest_route=\/wp\/v2\/pages"}],"about":[{"href":"https:\/\/www.lesrivelades.com\/index.php?rest_route=\/wp\/v2\/types\/page"}],"author":[{"embeddable":true,"href":"https:\/\/www.lesrivelades.com\/index.php?rest_route=\/wp\/v2\/users\/1"}],"replies":[{"embeddable":true,"href":"https:\/\/www.lesrivelades.com\/index.php?rest_route=%2Fwp%2Fv2%2Fcomments&post=2"}],"version-history":[{"count":4,"href":"https:\/\/www.lesrivelades.com\/index.php?rest_route=\/wp\/v2\/pages\/2\/revisions"}],"predecessor-version":[{"id":229,"href":"https:\/\/www.lesrivelades.com\/index.php?rest_route=\/wp\/v2\/pages\/2\/revisions\/229"}],"wp:attachment":[{"href":"https:\/\/www.lesrivelades.com\/index.php?rest_route=%2Fwp%2Fv2%2Fmedia&parent=2"}],"curies":[{"name":"wp","href":"https:\/\/api.w.org\/{rel}","templated":true}]}}